 -1) + -8 + 7. Suppose 4*k + d = 8*k. What is the greatest common divisor of k and 253?
11
Let j be ((-2470)/(-39))/((4/6)/1). Let c = 153 - j. Calculate the highest common divisor of 203 and c.
29
Suppose -18 = 3*a - 48. Let h = a + 21. Let o = 17 + h. Calculate the highest common factor of o and 32.
16
Let b(x) = 10*x + 1636. Let s be b(-133). What is the greatest common divisor of 7242 and s?
102
Let l(i) = i**3 + 3*i + 5. Let s be l(-5). Let r be (s/10)/(-9)*-4. Let v be 2/r + 130/39. Calculate the highest common factor of 24 and v.
3
Suppose 64*f = 84*f - 180. Let z(s) = s**3 - 5*s**2 - 13*s - 9. Let t be z(f). Let b be 36*(0 - (-2)/4). Calculate the highest common factor of t and b.
18
Let g(l) = 2*l**3 - 5*l**2 + 2*l - 1. Let k be g(4). Let y(n) = n**2 - 14*n - 2244. Let z be y(55). What is the highest common divisor of z and k?
11
Suppose 0*h = -2*h - 36. Let y be ((-1)/((-2)/h))/(-1). Let s be 18/48 - (-5025)/(-2)*(-56)/1120. Calculate the highest common factor of s and y.
9
Suppose 3*a - i - 18 = 0, 36*i - 33*i + 34 = 5*a. Calculate the highest common divisor of a and 2155.
5
Suppose -3*x + 2*a = 2*x - 451, 0 = -4*x - a + 353. Let w be (-3 + x/5)*5. Let g = w - -174. Calculate the greatest common divisor of 31 and g.
31
Suppose 5*p = -4*y - 72, 0 = p - 3*y + 8*y + 27. Let s be 8/10*2/p*-15. Suppose -5*l + 45 = -s*l. What is the highest common factor of 3 and l?
3
Suppose 0 = -10*f + 508 + 612. Suppose 2*m + 165 = 7*m. Suppose -2*o + m = 1. Calculate the greatest common divisor of o and f.
16
Suppose 0 = 74*a - 70*a + j - 157, 2*a = 4*j + 92. Calculate the highest common factor of 152 and a.
8
Suppose 10*a = -5*a + 37*a - 1540. Suppose l - 150 = -2*l. Calculate the highest common factor of l and a.
10
Suppose -67 + 412 = y - 435. What is the greatest common divisor of y and 8385?
195
Let j be (10/(-6))/((-9)/54). Suppose 0 = f + 5 - j. Let r be f - 1/(2/(-4)). Calculate the greatest common divisor of r and 21.
7
Let v be (130/(-2))/(11/(-11)). Let p be (v/(-3))/((-4)/24). Let s = -88 + p. Calculate the greatest common divisor of 14 and s.
14
Let x be (-13 - 315/(-30))*(-4 - -2 - 24). Let y be 130 - (1/1 - 1). What is the highest common factor of y and x?
65
Suppose 5*u = -3*t + 106, -76 = -4*t - u + 88. Let q(x) = 8*x - 33. Let c be q(12). What is the greatest common divisor of t and c?
21
Let g be (-4)/60 + (-158)/(-711)*3786/20. What is the highest common divisor of 350 and g?
14
Let p(q) = 66*q**3 - 4*q**2 + 3*q + 9. Let o be p(4). What is the greatest common divisor of o and 111?
37
Suppose 17*i + 223 - 1192 = 0. Let z(y) = -3*y**3 + 6*y**2 + y - 7. Let h be z(-5). What is the highest common divisor of h and i?
57
Suppose -1584 = -2*t - 4*f, -932*f + 792 = t - 927*f. Calculate the greatest common divisor of t and 2088.
72
Let n = -3072 - -3122. Calculate the highest common divisor of 110 and n.
10
Suppose 5*x + 860 + 1505 = 0. Let l = -467 - x. Calculate the highest common divisor of 150 and l.
6
Let s = 973 + -390. Let w = s + -349. Suppose -r + 3*r + 4*f = w, -r = -3*f - 117. What is the highest common factor of 13 and r?
13
Let p be (1/1)/(3 - (-6145)/(-2050)). Suppose 5*z + 2*y = 424, 4*y = -5*z + 9*y + p. What is the highest common divisor of z and 24?
12
Let s be ((-4475)/(-18) - (-5)/(-30)) + (-136)/306. What is the greatest common factor of s and 32?
8
Let w = 2744 - 2735. Let z(q) = 2*q + 1. Let f(u) = u**2 + 7*u + 4. Let x be f(-7). Let v be z(x). What is the greatest common divisor of w and v?
9
Let j be (-195)/(-4)*(-5824)/312. Let y be (-4)/18 + (j/(-45) - 1). Let t(a) = -58*a - 1. Let n be t(-1). Calculate the greatest common factor of y and n.
19
Let y = 1842 + -1415. What is the greatest common factor of y and 14?
7
Let v = -16 + 6. Let m(s) = -4*s - 12. Let y be m(v). Let u be -4 - (-57)/15 - 2898/(-15) - -3. What is the greatest common divisor of y and u?
28
Suppose -116*g = -113*g + 2*t - 13127, 4371 = g - 4*t. Calculate the greatest common factor of 350 and g.
175
Let a(r) = -9*r + 228. Let t be a(23). Suppose -51*s = -54*s + t. Calculate the greatest common factor of 49 and s.
7
Let r = 78 - 81. Let w(v) = v**2 + 10*v + 23. Let d be w(r). Calculate the greatest common factor of d and 94.
2
Suppose -1583375 + 3652236 = 459*y - 1365377. Calculate the highest common divisor of 172 and y.
86
Suppose 4*j - 2035 = 5*d, -3*d + 2043 = 25*j - 21*j. What is the greatest common factor of 2 and j?
2
Let v be 14/(-49) + (-72)/(-7). Suppose 118 = 5*t - c, -2*t + 54 = 8*c - 5*c. Let z be 5 + -1 + -4 + (t - -6). What is the greatest common factor of v and z?
10
Suppose -95074*q + 154 = -95052*q. Suppose 5 + 4 = 3*c. Let g(d) = 2*d**2 - 2*d + 2. Let w be g(c). What is the greatest common factor of q and w?
7
Suppose 481 = 15*u - 127 + 158. What is the highest common divisor of u and 2270?
10
Suppose 0 = -2*v - 4*i + 2252, -25*v + 22*v = 4*i - 3396. Calculate the highest common factor of 1768 and v.
104
Let w = 8 - -8. Let r(u) = u**3 - 5*u**2 + 3*u. Let h be r(5). Let y = w - h. What is the greatest common divisor of 11 and y?
1
Let t(p) = 12*p**2. Let g be t(1). Suppose g*k = 10*k. Let u be 1*(0 + (4 - k)). Calculate the greatest common factor of u and 36.
4
Suppose 0 = h + 5 - 8, 3*a - 1350 = 5*h. Let w = 593 - a. What is the highest common divisor of 2 and w?
2
Let n(s) = 2*s**2 - 87*s - 944. Let f be n(67). Calculate the highest common divisor of f and 40.
5
Let g = 77 + -25. Suppose 6*z - 3*z = 5*i + 2, 3*z + 5*i - g = 0. Let v be 4*6628/72 - 2/z. Calculate the greatest common factor of v and 46.
46
Suppose 45*g + k = 50*g - 654, g = -4*k + 114. Calculate the greatest common divisor of 7800 and g.
130
Suppose 12 = 2*t + 2*l, l + 4 + 2 = 3*t. Suppose -t*w = -5*d + 22, 3 = 3*d + 2*w + 5. Calculate the highest common divisor of 18 and d.
2
Let g be 106 + 0 + 252/48*12/(-9). Calculate the highest common divisor of g and 363.
33
Let x(a) = 7718*a - 54010. Let d be x(7). Let i be -2 - (-3 + (0 - 2)). Calculate the greatest common divisor of d and i.
1
Let p be ((-2)/12)/((-103)/329394). What is the greatest common factor of 52 and p?
13
Let p(s) = 22*s**2 + 52*s + 20. Let c(j) = 12*j**2 + 26*j + 10. Let q(d) = -7*c(d) + 4*p(d). Let k be q(-7). Calculate the greatest common divisor of k and 312.
24
Suppose -11168 + 1853 = -9*w. Calculate the greatest common divisor of w and 18.
9
Let n = -73163 + 73199. Let l be (2 - (2 + -2))*12. Calculate the greatest common divisor of n and l.
12
Let q be 177/2 + (-1)/2. Let n be (270/(-81))/((-2)/687). Let o = 1156 - n. Calculate the greatest common divisor of o and q.
11
Suppose 37*t + 3296 + 64948 = 103*t. What is the greatest common divisor of 752 and t?
94
Suppose -o = -3*t - 2, -o - 2*o + 6 = -t. Suppose t = -u - 4 - 1, 4*h - 5*u + 215 = 0. Let p = h + 88. What is the greatest common divisor of p and 4?
4
Let m(p) = 13*p**2 - 3*p + 2. Let j be m(1). Let r = -46 + 48. Let x = j + r. Calculate the greatest common factor of 35 and x.
7
Let g be (-1 + (-2485)/(-20))/(1/8). What is the highest common divisor of g and 85?
17
Let j(h) = -338*h + 18. Let v be j(2). Let d = -382 - v. What is the highest common divisor of d and 6?
6
Suppose 7*c - 9*c + 104 = 11*c. What is the highest common divisor of c and 6488?
8
Let m be (-60)/(-35)*105/(-6)*(-896)/80. What is the highest common factor of m and 492?
12
Let r(x) = -20*x - 101. Let v be r(-5). Let y be (70 - 60) + -1 + -2 + v. Let f(s) = s + 17. Let q be f(13). Calculate the greatest common divisor of y and q.
6
Suppose 10*u = 11*u + 413. Let c = u - -653. What is the greatest common factor of 10 and c?
10
Let u = 257 - 257. Suppose -4*b + u*l = 5*l - 49, -4*b + 79 = -5*l. What is the highest common factor of b and 208?
16
Suppose 3*i + 2935 = 10*i - 38106. What is the greatest common divisor of i and 82?
41
Suppose -5*w + 11380 = -4*f, 2*w - 4529 = -165*f + 162*f. What is the highest common factor of w and 64?
32
Let t(g) = -g**3 + 6*g**2 - 5*g + 9. Let i be t(5). Calculate the highest common factor of 1164 and i.
3
Suppose 2*i = r + 227, i + 0*r = -2*r + 116. Let j be (0 - 760/12)*(-528)/220. Calculate the highest common factor of i and j.
38
Suppose 10*b = 4*b - 1038. Let f = b + 242. What is the highest common divisor of 46 and f?
23
Su